s of l?
2, 5
Let q(u) = 4*u + 3. Let m be q(-8). Let d = m - -44. List the prime factors of d.
3, 5
Suppose 3*m + 8 = -2*x - 3, -55 = 5*m - 4*x. Let f(g) = -g**3 - 6*g**2 + 5*g + 2. List the prime factors of f(m).
2
Suppose 12 = c + 4*u, -4*u - 7 = -2*c + 5. What are the prime factors of (c + -1)*(-1 - -2)?
7
Let o = 4 + 1. Suppose h + o*r = -0*h + 19, -h = -3*r - 19. What are the prime factors of h?
19
List the prime factors of (-1 - (1 + 86))*-1.
2, 11
Suppose -b = -32 - 22. Let u = -36 + b. What are the prime factors of u?
2, 3
Let l be (-198)/(-14) + (-3)/21. Suppose -u = -7*p + 2*p + 29, -2*p = -u - l. List the prime factors of p.
5
Suppose -7*g + 29 = -545. What are the prime factors of g?
2, 41
Let m(s) = -s**2 + s - 8. Let i be m(0). Let p = -5 + 6. Let g = p - i. List the prime factors of g.
3
Let p(o) = -o - 10. Let f be p(0). Let a = f - -14. Suppose a*u + 2*v - 34 = 0, 29 = 3*u + 4*v - 6*v. List the prime factors of u.
3
Let i(b) = -b**3 - 4*b**2 - 2*b. Let s be i(-2). Suppose -5*p - 32 + 2 = 0. Let x = s - p. List the prime factors of x.
2
Suppose 3*m - 816 = -3*m. What are the prime factors of m?
2, 17
Let f = -123 - -66. List the prime factors of 1/(-2) + f/(-6).
3
Let c = -25 + 15. Let b = 20 - c. Suppose 26 = 4*w + 2*a, -2*a = 2*w - 6*w + b. What are the prime factors of w?
7
Suppose -4*f = -2*j + 82, 3*j = 7*j + 5*f - 138. List the prime factors of j.
37
Let f be 6/(-10)*(5 - 0). List the prime factors of (f - -4)/((-3)/(-57)).
19
Let o = 6 - 6. Suppose o*u = u. Suppose -3*d + 7*d = 2*p + 30, -2*p + 2 = u. List the prime factors of d.
2
What are the prime factors of ((-6)/(-3) - 33)/(-1)?
31
Let b(j) = j**2 + j - 3. Let f be b(-3). Suppose f*v + v = 12. Suppose v*t = -2*x + 26, 3*t + 6*x = x + 38. What are the prime factors of t?
2, 3
Suppose y - 20 = -3*y. Suppose -q + y*a + 22 = 2*q, q = 3*a + 10. Suppose 2*l = 4*n - 20, 0*n + 7 = -3*n - q*l. What are the prime factors of n?
3
Let u(z) = z**3 - z**2 + z + 176. What are the prime factors of u(0)?
2, 11
Suppose -2*w + l = -3*w + 33, -2*w = 4*l - 70. Let z = w + -14. What are the prime factors of z?
17
Let h = 17 + 29. List the prime factors of h.
2, 23
Suppose 10*a - 5*a = 10. Let x(k) = -2*k - 1. Let j be x(-3). Let l = j - a. What are the prime factors of l?
3
Let y(k) = -12*k + 1. Let w be y(-1). Suppose w*l - 9*l = 32. List the prime factors of l.
2
Let x be (-2 - -2) + 5 - 1. Let n = 3 + x. Let f(l) = -l**2 + 7*l + 2. What are the prime factors of f(n)?
2
Suppose r = 5 + 7. What are the prime factors of r?
2, 3
Let m = -78 - -321. List the prime factors of m.
3
Let t(f) = -5*f**2 + f + 1. Let d be t(-1). Let x = -1 - d. List the prime factors of x.
2
Let l be 1/(-2)*(-23 + 1). Let c = l - 9. Suppose 24 = c*a + 3*z + 2*z, -5*z - 36 = -3*a. List the prime factors of a.
2, 3
Suppose -4*j - 16 = 0, 0*j = -2*p - 3*j. Let t = 16 - p. List the prime factors of t.
2, 5
Let z be 13/((-1 - -2)*-1). Let o = z - -22. List the prime factors of o.
3
Let l(h) = h**2 + 2*h. Let r be l(-2). Suppose 5*w + 12 - 107 = r. What are the prime factors of w?
19
Suppose 6*g - 3*g - 99 = 0. List the prime factors of g.
3, 11
Let j(f) = 1 - f**3 - 2 + 4*f**2 + 2*f - 4. Let c(l) = -l**3 + 4*l**2 + 5*l + 4. Let m be c(5). List the prime factors of j(m).
3
List the prime factors of (3 - -2)*6 - 2.
2, 7
Let w(a) = a**3 - 6*a**2 + a - 3. Let d(t) = 6*t**2. Let g be d(-1). List the prime factors of w(g).
3
Let c(n) = -n**3 - n + 13. What are the prime factors of c(0)?
13
Let o be ((-25)/3)/((-5)/(-30)). Let i = o + 94. What are the prime factors of i?
2, 11
Let t be 0/(-1) - (-30 + 7). Suppose -4 - t = -3*r. What are the prime factors of r?
3
Suppose -7 = -3*l + 8. Suppose -3*p - 2*r = p - 40, -l*p = 4*r - 53. List the prime factors of p.
3
Suppose -5*l - 2 = 2*p - 12, -l + 5*p + 2 = 0. What are the prime factors of (4/(-2) + 16)/l?
7
Let l(u) = u. Let s(f) = f**2 + 3*f + 2. Let g(o) = -2*l(o) + s(o). What are the prime factors of g(-4)?
2, 7
Let s(x) = -3*x - 11. Let f be s(-9). Let v be f*(-2)/(-4) + -2. Let m(d) = d - 3. What are the prime factors of m(v)?
3
Suppose -3*m = 0, -5*r - 6*m + 10 = -m. What are the prime factors of r?
2
Let v = 7 + 6. Suppose -4*n + 2*c = -48, 3*n - c - v = 23. Suppose -4*l + n = -0*l. What are the prime factors of l?
3
Let v be ((3 - 2) + -2)*3. Let a = v - -9. What are the prime factors of 14/3 - (-2)/a?
5
Let b be ((-6)/3)/2*-3. Let j(d) = -2*d + 4 + b*d + 0*d. What are the prime factors of j(8)?
2, 3
Let j(i) = -2*i - 9. Let c be j(-6). List the prime factors of ((-17)/2)/(c/(-6)).
17
Suppose -3*a - 124 = -2*c + 250, -4*c - a + 776 = 0. List the prime factors of c.
193
Suppose 0 = 5*l - 5*q, -l - 2*l - 4*q = -35. Suppose 2*d + 7 = 5*m + 46, -l*d = -m - 86. What are the prime factors of d?
17
Let q = 17 - -20. Suppose -w + 112 = w. Suppose -5*j + p = -0*j - w, q = 3*j - 4*p. What are the prime factors of j?
11
Suppose g + 4*f = -22, 2*g + f + 0*f = -9. Let p = g + 9. Suppose -5*r + p = -28. List the prime factors of r.
7
Let z = -15 - -11. Let i be 1/4 - 3/z. Suppose -4*v = -4*p - 16, -i = -2*v - 4*p - 5. List the prime factors of v.
2
Let m = -54 - -108. Suppose m = -0*h + 6*h. What are the prime factors of h?
3
Let p be 7/(7/10) + 1. Suppose 5*b - 4 = p. Suppose -c = 5*s - b*c - 45, 47 = 2*s + 5*c. List the prime factors of s.
11
Let q(k) = -1 - 1 - 3*k**2 - 4 + 4*k**2 - 2*k. Suppose -4 - 5 = -5*n + 4*i, -2*n = 4*i - 26. List the prime factors of q(n).
3
Suppose -4*t - t - 55 = -u, 0 = -3*u + 5*t + 195. What are the prime factors of u?
2, 5, 7
Let i(q) = -q**3 - 4*q**2 + 6*q + 1. Let f be i(-5). Let x be 12/4*f/(-6). Suppose l - 5*z - 11 = -3*l, -x*l + 5*z + 3 = 0. List the prime factors of l.
2
Let c be 14/3 + (-2)/(-6). Suppose h = 2*h - c. Suppose -9 + 54 = h*l. List the prime factors of l.
3
Let x be 5*(-3)/12*4. Let m = x - -16. What are the prime factors of m?
11
Let o(w) = w**3 + 5*w**2 - 7*w + 1. Let u = 5 + -11. What are the prime factors of o(u)?
7
Let j = 8 + -14. Let n = -4 - j. Suppose l + n = 0, -y + 3*l - 2 = -2*y. List the prime factors of y.
2
Suppose 0 = 5*y + 10, -5*j + 104 = -5*y - 36. Let v = 40 - j. List the prime factors of v.
2, 7
Let q be (5/(-5))/((-1)/(-4)). List the prime factors of 12/(-6)*(q + -1).
2, 5
Let s(i) = i**2 + 9*i + 3. Let c be s(-9). List the prime factors of c*3 - (0 - 3).
2, 3
Let i = -28 - -234. List the prime factors of i.
2, 103
Let o(c) be the first derivative of -c**3/3 - 5*c**2 + 15*c - 4. List the prime factors of o(-11).
2
Let c = 107 + -67. Suppose d + c = 5*j, d = 3*d. List the prime factors of 7/7 + j/2.
5
Let d(r) = -r - 12. Let m be d(-6). Let b(t) be the second derivative of t**3/6 + 4*t**2 + 3*t. List the prime factors of b(m).
2
Suppose -3*o = -65 - 25. List the prime factors of o.
2, 3, 5
Let q(b) = b + 47. What are the prime factors of q(0)?
47
Let r(n) = -n**3 + 13*n**2 - 10*n + 7. List the prime factors of r(12).
31
Let v(d) = d**3 - 11*d**2 - 14*d - 2. List the prime factors of v(13).
2, 7, 11
List the prime factors of (80/(-12))/((-2)/6).
2, 5
List the prime factors of (-1)/3 - 212/(-6).
5, 7
Let w = 168 - 116. Suppose -4*v + 20 = -w. List the prime factors of v.
2, 3
Suppose 4*g + g + 75 = 0. Let h = 28 - 4. What are the prime factors of g/(-6)*h/15?
2
Let v = -511 - -732. List the prime factors of v.
13, 17
Suppose 10*b - 12*b = -490. List the prime factors of b.
5, 7
Suppose -5*p - 26 = 39. Let n(t) = t**3 + 3*t**2 - 2*t + 4. Let h be n(-4). Let k = h - p. What are the prime factors of k?
3
Let h(z) = z**2 + 6*z + 3. Let c be h(-4). What are the prime factors of (c/(-10))/((-1)/(-4))?
2
Suppose -3*s = -s - 48. Suppose y + 3*y = s. List the prime factors of 3/y + (-31)/(-2).
2
List the prime factors of 12 + -2 + 4 + 3.
17
List the prime factors of 2*(-3)/18*-21.
7
What are the prime factors of (-7)/(-21) + (-422)/(-3)?
3, 47
Suppose 2*z - 3*z - 5 = -5*a, z + 3*a = 3. Suppose z = b - h - 4, 3*h = 3*b - 5*b - 2. What are the prime factors of b?
2
Let c = 3 + -6. Suppose 0 = -4*j + 2*s + 46, j = 5*j - 5*s - 61. What are the prime factors of j*c/((-27)/15)?
3, 5
Let p(x) = -x**3 - x**2 + 3*x + 1. Let q be p(-3). Suppose -5*w - 16 - q = -3*v, 5*w = -20. Suppose -v*l = -13 - 3. List the prime factors o